 8*v + 8. Give o(-5).
-2
Let p(f) = -f**2 - 27*f + 92. What is p(-30)?
2
Let v(g) = -5*g + 12. Determine v(-9).
57
Let b(q) = -9*q - 144. Calculate b(-16).
0
Let h(i) = 9*i**2 + 5*i + 4. Give h(-2).
30
Let g(l) = -l**3 - 18*l**2 - 52*l - 99. Calculate g(-15).
6
Let j(x) = -x**3 + 50*x**2 + 50*x + 49. Determine j(51).
-2
Let o(t) = -38*t + 465. What is o(12)?
9
Let s(b) = 4*b**2 - 16*b + 6. What is s(6)?
54
Let p(x) = x**2 - 18*x + 18. What is p(1)?
1
Let i(p) = 4*p - 98. Calculate i(18).
-26
Let c(n) = n**3 - 3*n**2 - 8*n - 15. Give c(5).
-5
Let r(o) = o**3 + o**2 + o - 8. Determine r(0).
-8
Let u(k) = k**2 + 8*k + 9. Calculate u(-2).
-3
Let w(h) = h**2 + 18*h + 18. Give w(-17).
1
Let z(p) = -2*p**2 + 7*p - 1. Give z(3).
2
Let p(q) = q + 38. Calculate p(-34).
4
Let r(k) = -9*k**2 + k. Give r(1).
-8
Let j(t) = t**2 + 3*t - 17. Determine j(-7).
11
Let n(c) = 2*c**3 + 63*c**2 + 33*c + 64. Determine n(-31).
2
Let f(p) = -2*p**2 + 9*p - 12. What is f(5)?
-17
Let x(c) = 50*c - 10. What is x(-3)?
-160
Let g(i) = -7*i - 1. Calculate g(-1).
6
Let c(z) = z + 32. Give c(-30).
2
Let g(l) = -l**2 - 9*l - 31. Give g(-6).
-13
Let w(g) = g + 6. Calculate w(-6).
0
Let j(h) = -2*h**2 - 36*h + 38. Calculate j(-19).
0
Let r(b) = -8*b - 25. Determine r(-3).
-1
Let s(f) = 2*f**2 + 15*f + 13. Determine s(-7).
6
Let d(o) = o**2 + o. Calculate d(-2).
2
Let c(g) = 57*g**2 - 4*g - 5. What is c(-1)?
56
Let w(b) = 3*b**2 - 5*b + 6. Calculate w(2).
8
Let w(q) = -2*q**3 - 8*q**2 - 9*q + 3. Calculate w(-5).
98
Let n(z) = 5*z**2 + 2*z - 3. Give n(1).
4
Let l(i) = 7*i + 6. Give l(-8).
-50
Let y(u) = -u**3 - 3*u**2 + 12*u + 5. What is y(-5)?
-5
Let v(n) = 8*n - 13. What is v(0)?
-13
Let d(f) = -f**3 + f**2 + 12*f - 9. Give d(4).
-9
Let c(g) = -g**3 - g**2 + 10*g + 22. Determine c(0).
22
Let u(x) = x**2 + 16*x + 11. Determine u(-12).
-37
Let l(n) = n**2 + 25*n + 119. What is l(-6)?
5
Let v(w) = -w - 11. Determine v(-18).
7
Let i(j) = -j**3 + 3*j**2 + 6*j - 1. Determine i(4).
7
Let h(d) = -2*d - 9. Calculate h(3).
-15
Let h(s) = -s**2 + 5. Give h(5).
-20
Let p(f) = -f**3 - 8*f**2 + 6*f - 13. Give p(-9).
14
Let z(t) = -t**3 - 35*t**2 + 34*t - 68. Determine z(-36).
4
Let r(s) = s**3 - 4*s**2 - 12*s + 24. Give r(7).
87
Let d(h) = 2*h + 50. What is d(-21)?
8
Let s(h) = -h**3 - 10*h**2 + 4. What is s(-10)?
4
Let t(w) = w - 40. What is t(31)?
-9
Let h(d) = 19*d + 75. Give h(-4).
-1
Let d(q) = -q**3 - 10*q**2 + 16*q - 12. Give d(-11).
-67
Let c(i) = -i**3 - 11*i**2 + 30*i + 21. Calculate c(-13).
-31
Let y(w) = -w**3 - 14*w**2 - 2*w - 12. Determine y(-14).
16
Let i(d) = -d**3 - 9*d**2 - 22*d - 11. Calculate i(-6).
13
Let g(r) = 2*r**2 + 3*r + 7. Calculate g(-4).
27
Let a(s) = s**2 - 4. Give a(0).
-4
Let b(w) = -3*w + 19. Determine b(7).
-2
Let g(a) = -a**2 - 5*a - 7. Determine g(-5).
-7
Let t(s) = -s + 58. Calculate t(18).
40
Let o(x) = x**2 + x + 13. Determine o(0).
13
Let r(h) = h**2 + 9*h - 2. Give r(-10).
8
Let m(q) = -q**3 - 13*q**2 - 12*q + 5. Give m(-12).
5
Let p(m) = -14*m - 23. Determine p(-4).
33
Let s(x) = -5*x**2 + x + 1. Determine s(3).
-41
Let v(d) = d**3 + 8*d**2 - 9*d + 8. Calculate v(-9).
8
Let y(u) = u**3 - u + 34. What is y(0)?
34
Let g(t) = -45*t - 10. Give g(0).
-10
Let w(o) = o**2 - 8*o - 88. What is w(-7)?
17
Let w(r) = -r + 13. Determine w(6).
7
Let s(d) = d**3 - 55*d**2 - 115*d + 62. Determine s(57).
5
Let a(u) = u + 4. Calculate a(2).
6
Let c(f) = -f**2 - 12*f + 22. Calculate c(-13).
9
Let m(b) = b**3 - 14*b**2 - 15*b - 2. What is m(15)?
-2
Let f(y) = 8*y - 2. Determine f(1).
6
Let h(m) = -16*m + 85. Determine h(11).
-91
Let u(t) = -t**2 + 6*t - 1. Calculate u(-5).
-56
Let c(k) = k**2 + 5*k + 4. Determine c(-6).
10
Let n(t) = 7*t**2 + 2. What is n(2)?
30
Let b(c) = 4*c + 95. Give b(-21).
11
Let p(o) = -o**2 - 7*o + 27. Determine p(-9).
9
Let f(x) = -x**3 - 16*x**2 - 15*x - 8. Determine f(-15).
-8
Let d(i) = -i**2 - 6*i + 30. Determine d(-10).
-10
Let u(w) = w**3 + 7*w**2 + 6*w + 6. Calculate u(-5).
26
Let m(z) = 35*z - 50. What is m(3)?
55
Let n(k) = 4*k + 1. Give n(-13).
-51
Let u(s) = s**2 - 10*s - 22. Determine u(12).
2
Let p(r) = r**2 + 30*r + 27. What is p(-29)?
-2
Let o(u) = u - 5. Determine o(-10).
-15
Let i(m) = 2*m**3 - 16*m**2 + 13*m + 10. Determine i(7).
3
Let b(s) = -6*s + 55. What is b(9)?
1
Let k(y) = -y**2 - 5*y - 12. Give k(-8).
-36
Let h(v) = v**2 + 53*v + 702. Give h(-25).
2
Let m(w) = -2*w + 11. Calculate m(9).
-7
Let p(g) = -22*g**2 + 393*g + 50. What is p(18)?
-4
Let b(v) = 41*v**3 + 2*v**2 - 3*v + 2. Give b(1).
42
Let d(u) = u**3 + 10*u**2 + 11*u - 9. Give d(-8).
31
Let c(r) = r**3 + 36*r**2 + 15. Give c(-36).
15
Let j(i) = 3*i - 11. Determine j(5).
4
Let m(d) = -2*d**3 - 10*d**2 - 13*d - 14. Give m(-4).
6
Let q(g) = -g**3 + 8*g**2 - 9*g - 24. What is q(5)?
6
Let t(r) = -r**3 + 7*r**2 + r - 7. Calculate t(7).
0
Let s(w) = w**3 + 9*w**2 - w - 1. Calculate s(-5).
104
Let t(s) = 56*s + 120. Give t(-2).
8
Let l(z) = 4*z**2 + 30*z - 11. Determine l(-8).
5
Let w(b) = b**2 + 6*b + 4. Determine w(-3).
-5
Let c(t) = t**2 + 21*t. Calculate c(-21).
0
Let x(m) = -3*m**2 - 38*m + 6. What is x(-13)?
-7
Let r(n) = -n**3 - 5*n**2 + 7*n - 1. Give r(-5).
-36
Let k(s) = s**2 + 23*s + 83. Calculate k(-19).
7
Let i(b) = b**3 + 6*b**2 - 15*b - 46. Calculate i(-7).
10
Let x(z) = z + 101. Give x(-24).
77
Let t(p) = p - 14. Determine t(8).
-6
Let b(l) = l**3 + 33*l**2 + 87*l - 89. Calculate b(-30).
1
Let o(l) = l**2 - 12*l + 8. What is o(9)?
-19
Let n(a) = 13*a - 22. What is n(-5)?
-87
Let b(o) = -o**3 - o**2 + 9*o + 15. What is b(-3)?
6
Let l(r) = -r**2 + 12*r - 17. Calculate l(9).
10
Let z(k) = -5*k + 4. What is z(1)?
-1
Let h(t) = -t**3 + 44*t**2 + t - 61. Determine h(44).
-17
Let z(h) = -5*h - 384. Determine z(-76).
-4
Let x(s) = -s**3 - s**2 - s - 38. Give x(0).
-38
Let p(o) = -5*o**2 - 4*o - 3. Calculate p(-2).
-15
Let q(z) = z**3 - 6*z**2 - z - 1. Give q(6).
-7
Let b(z) = -27*z - 7. Calculate b(-2).
47
Let g(v) = v**3 - 7*v**2 - 6*v + 11. Give g(8).
27
Let g(q) = 25*q**3 + 7*q**2 - 9*q + 2. Give g(1).
25
Let r(d) = -11*d + 596. Give r(53).
13
Let r(f) = -13*f + 21. What is r(3)?
-18
Let t(d) = 8*d + 19. What is t(-3)?
-5
Let v(w) = w**2 - w + 35. Calculate v(0).
35
Let f(v) = -v + 3. Calculate f(6).
-3
Let r(c) = -14*c**2 + 1. Calculate r(1).
-13
Let j(f) = f**2 - 12*f + 3. Give j(9).
-24
Let a(y) = y**3 - 17*y**2 - y + 13. Determine a(17).
-4
Let s(k) = 2*k**2 - 3*k - 1. Determine s(0).
-1
Let v(r) = -r**2 + 2*r + 16. Determine v(5).
1
Let o(h) = -h**3 + 4*h**2 + 13. Give o(4).
13
Let p(c) = -3*c**3 - 6*c**2 + 6*c + 1. Determine p(2).
-35
Let i(y) = 9*y**2 - 39*y - 38. Give i(-1).
10
Let p(r) = -2*r**2 - 3*r - 6. Determine p(-3).
-15
Let m(s) = -s**2 - 7*s - 1. Determine m(-7).
-1
Let a(l) = 7*l**2 + 2*l - 3. What is a(1)?
6
Let m(h) = 8*h**3 + h**2 + 4*h + 3. Determine m(-1).
-8
Let d(f) = -f + 29. Determine d(-22).
51
Let n(r) = 66*r - 465. What is n(7)?
-3
Let q(o) = o**2 + 14*o - 38. What is q(-16)?
-6
Let z(b) = -2*b - 2. Calculate z(4).
-10
Let q(j) = -j**3 - 6*j**2 - 6*j - 8. Calculate q(-5).
-3
Let o(a) = -a**3 + 13*a**2 - 14*a + 18. Calculate o(12).
-6
Let m(l) = l**3 - 5*l**2 - 13*l - 3. What is m(7)?
4
Let u(m) = m - 31. Determine u(12).
-19
Let n(p) = -9*p - 20. Determine n(9).
-101
Let x(u) = -u**3 + 12*u**2 + 14*u - 24. Give x(13).
-11
Let a(z) = z**2 - 9*z + 4. Give a(7).
-10
Let q(l) = -3*l**2 - l - 2. What is q(2)?
-16
Let m(f) = -2*f**3 - 25*f**2 + 15*f + 21. Determine m(-13).
-5
Let y(b) = 11*b - 73. Calculate y(6).
-7
Let w(j) = -4*j**2 - 12*j - 7. Give w(-6).
-79
Let z(r) = -r**2 + 10*r - 6. What is z(4)?
18
Let s(f) = -f + 1. Determine s(-6).
7
Let o(j) = -j**3 + 21*j**2 - 19*j - 36. Give o(20).
-16
Let h(u) = u**2 - 54*u + 108. Determine h(52).
4
Let i(s) = 15*s**2 - 1. What is i(-1)?
14
Let g(k) = -2*k - 7. Calculate g(-5).
3
Let p(b) = b**2 + 9*b - 15. Give p(-13).
37
Let x(u) = -u - 3. What is x(8)?
-11
Let p(r) = -r**3 - 7*r**2 - 10*r - 8. What is p(-6)?
16
Let c(q) = 2*q. Calculate c(4).
8
Let p(q) = 2*q**3 - 7*q**2 + 5*q - 3. Give p(4).
33
Let y(i) = -3*i + 52. What is y(19)?
-5
Let d(s) = 214*s + 1499. What is d(-7)?
1
Let p(y) = -4*y**2 - 2. Give p(3).
-38
Let n(a) = a**2 + 8*a - 19. Calculate n(-10).
1
Let f(x) = -x**3 +